+ 223155 - 3*c**2 - 223161. Give s(b).
-6
Let n(a) be the second derivative of -1/6*a**3 - 5*a + 0*a**2 + 2. Calculate n(-7).
7
Let k(f) = -f**3 - 4*f**2 - f + 4. Let a(s) = -s**3 + 23*s - 16 + 1 + 114*s**2 - 105*s**2. Let g be a(11). Determine k(g).
8
Let a(w) = w**2 + 117*w + 18. Let h(l) = -l**2 - 184*l - 19. Let o(n) = -3*a(n) - 2*h(n). Determine o(0).
-16
Let p(q) = -21*q**3 - 140*q**2 + 2*q + 53. Let k(y) = -19*y**3 - 128*y**2 + 2*y + 52. Let x(b) = 11*k(b) - 10*p(b). Calculate x(7).
7
Let f(y) = -12*y**2 + 7*y - 7. Suppose 26*w - 34 = -159*w + 151. What is f(w)?
-12
Let z(p) = p**3 - 11*p**2 + 8*p + 12. Let n = -543 - -318. Let k = 235 + n. What is z(k)?
-8
Let q(f) = -f**3 + 23*f**2 + 4*f - 97. Suppose 2*u - 16 = 0, 2*x = -2*u + 7 + 55. Give q(x).
-5
Let s(t) = 2*t - 46. Suppose -9*o = -13*o + y + 58, -2*y = 4*o - 76. Determine s(o).
-14
Suppose 34*u - 21 - 183 = 0. Let w(r) = r**3 - 6*r**2 + r - 9. Give w(u).
-3
Let m(l) be the second derivative of -l**5/20 - 5*l**4/12 - 361*l. Determine m(-5).
0
Let w(i) be the second derivative of 3*i**4/4 + i**3/2 + i**2 + 17*i - 24. Calculate w(-2).
32
Let t(g) be the first derivative of -g**4/2 - 28*g**3/3 - 12*g**2 - 15*g + 7826. Give t(-13).
-41
Let j(u) = 960 - 952 - 5*u**2 + 4*u - 170*u**3 + 169*u**3. Suppose 0 = 3*h - 6*h - 18. Determine j(h).
20
Let d(l) = -48*l**3 - 2*l**2 + l + 1. Let m be d(1). Let h be (-8)/3*m/64. Let i(f) = 378*f**2 + 2*f + f - 377*f**h + 4. Calculate i(-3).
4
Let i(v) be the second derivative of -v**3 + 15*v**2/2 - 2*v - 478. Determine i(-5).
45
Let a be 4/(-14) - (8/168*-363 - -8). Let i(l) = -18*l + 149. Calculate i(a).
-13
Suppose -6205*k - 28 = -6233*k. Let v = 0 + 1. Let s(n) = 5*n - 7*n - 7*n**3 + n**2 + v - n**3. Determine s(k).
-8
Let h(q) = 3*q**2 + 14*q - 6. Let v(r) = -2*r**2 - 7*r + 3. Let b(y) = -3*h(y) - 5*v(y). Let x(i) = i**3 + 14*i**2 + 2*i + 33. Let j be x(-14). What is b(j)?
-7
Let f(y) be the first derivative of -y**4/2 + 3*y**3 + 2*y**2 - y - 1822. Give f(5).
-6
Let u(c) = c**3 - c**2 - 48*c - 116. Let y be u(-3). Let s(k) = k**2 + 13*k + 10. What is s(y)?
-30
Let u(q) = 58*q. Let b(n) = -8*n - 1. Let c(o) = -7*b(o) - u(o). Suppose 3*g + g - 3*l = 35, 4*g + 2*l = 50. Give c(g).
-15
Suppose 3*g = 5*g + 6, -4*p - 2*g - 22 = 0. Let q = p + 33. Let s(z) = 28 + z**2 + 5*z - 4*z - q - 2*z + 4*z**3. What is s(-1)?
-3
Let g(f) = -8*f**2 - 7*f - 2 - 13*f**2 - 115*f**2 + 135*f**2 - 2. Let c(s) = -s**2 - 5*s - 7. Let i be c(-5). Determine g(i).
-4
Let u(k) be the third derivative of -k**6/120 + k**5/5 + 13*k**4/24 - k**3 + 5*k**2. Let d(o) = -2*o**2 + 65*o - 80. Let i be d(31). Determine u(i).
-6
Let l(k) = -k**2 + 9*k - 1. Let n(v) = -v**2 + 20*v + 51. Let r be n(29). Let w = r - -218. Determine l(w).
7
Let y(q) = 50*q - 44. Let b be y(3). Let z(j) = 10 - 108*j - 30 + 10 + b*j. Calculate z(-2).
-6
Let a(y) = -168098*y + 11 + 336220*y - 168102*y + y**2. Let u = -23 - -4. Give a(u).
-8
Let z(a) be the first derivative of a**3/3 - 19*a**2/2 + 7*a + 4382. Give z(18).
-11
Let c(v) = v. Let r = -132 + -6. Let a = 48 + r. Let i be (-85)/a*4 + 2/9. Calculate c(i).
4
Let a(d) = -2*d**2 - 3*d - 1. Let l(f) = 4*f + 54*f - 32 + 48*f**2 + 54*f**2 - 104*f**2. Let t be l(28). Suppose -2*q = 6*q + t. Calculate a(q).
-10
Let s(v) = -3*v + 1. Let w(h) = h. Let z = -87 - -90. Let j be ((3 + -1)/(-2))/(z - 2). Let q(p) = j*s(p) - w(p). Determine q(5).
9
Let u(r) be the third derivative of -r**8/20160 + r**6/240 + r**5/30 + r**4/24 + 5*r**2 - 2*r. Let h(l) be the third derivative of u(l). Give h(-5).
-22
Suppose -4*y - h = -2, -64*h = 4*y - 62*h. Let b(u) = -69*u**2 - u + 2. What is b(y)?
-68
Let d(r) be the third derivative of -r**6/120 - 3*r**5/20 + r**4/6 - 2*r**3/3 + 2*r**2 + 2156*r. What is d(-9)?
-40
Let g(p) = p**3 + 8*p**2 - 50*p - 20. Suppose 1892 = -133*z + 203 + 93. Determine g(z).
4
Let l(q) be the first derivative of q**4/6 + q**3/6 - q**2 + 117*q - 230. Let d(h) be the first derivative of l(h). Determine d(2).
8
Let r(a) = -27*a**2 - a. Let q(z) = -z**3 - 17*z**2 + 16*z - 35. Suppose 0 = -w - 14*l + 18*l + 2, 4*l = -20. Let k be q(w). Determine r(k).
-28
Let g(f) = -24*f**3 + 49*f**2 + 37*f - 92. Let o(s) = -7*s**3 + 16*s**2 + 13*s - 31. Let q(z) = 2*g(z) - 7*o(z). Determine q(15).
3
Suppose -21*z - 4340 = -28*z. Let n = z + -619. Let v(i) = -4*i - 1. Let j(t) = -t - 1. Let s(b) = 2*j(b) - v(b). Determine s(n).
1
Let z(l) be the third derivative of l**6/120 - 7*l**5/60 - 5*l**3/6 + 5*l**2 + 817*l. What is z(9)?
157
Suppose -25 - 81 = 5*f + a, -70 = 2*f + 5*a. Let q(w) = w**2 + 26*w + 123. Determine q(f).
3
Let d(v) = 143 + 24*v**3 + 21*v**2 + 6*v - 157 + 6*v - 26*v**3. What is d(11)?
-3
Let t(i) = 2*i + 2. Let q = -550 - -552. Suppose 2*m = -u - 14, -m - 14 = m - q*u. Determine t(m).
-12
Let b(h) = -20*h**3 - 46*h**2 - 3*h + 7. Let x be b(-2). Let i(a) = -7*a - 3. Let l(s) = 4*s + 2. Let c(g) = -3*i(g) - 5*l(g). Give c(x).
-12
Let g(o) = 1 + 0 + 3 - 2*o + 4. Suppose -30*w - 189*w + 582 = -1170. Calculate g(w).
-8
Let k(x) = 1 - 24*x**2 - 20*x**2 - 2*x**3 - x + x**3 + 76*x**2 - 29*x**2. Let m be (-119)/(-35) - (-4)/(-10). Let f = -1 + m. Determine k(f).
3
Suppose 0*i = 11*i. Suppose i = -m + v + 4, -2*m + 0*v + 16 = 2*v. Let t(s) = 26 + 8*s + 0*s**2 - s**2 - 33. Determine t(m).
5
Let j(s) = -2*s**3 - 23*s**2 - 6*s + 122. Let t(x) = -3*x**3 - 32*x**2 - 9*x + 183. Let a(q) = 7*j(q) - 5*t(q). Determine a(0).
-61
Let a(n) = n. Let m = 95 + -75. Suppose 48 - 48 = -m*d. Give a(d).
0
Let w(a) = 111*a - 5. Let t(j) = -2*j**3 + 130*j**2 - 127*j - 63. Let i be t(64). Determine w(i).
106
Let j(x) = 5*x - 8. Let c(u) = 216*u - 2576. Let p be c(12). Determine j(p).
72
Let t(d) = -42*d - 202. Let u be (-27)/(-21) + -28 + (-4712)/(-217). Calculate t(u).
8
Let i(o) = o - 14. Suppose 2*u - 21 = 6*u - 3*r, 2*u + 5*r = -43. Let n be u/(-2)*(-15)/(45/(-4)). Calculate i(n).
-8
Let a(t) be the third derivative of -11*t**5/120 - t**4/12 + 13*t**3 + 26*t**2. Let k(z) be the first derivative of a(z). Calculate k(-1).
9
Suppose -83*r + 80*r + 297 = 0. Let k = r + -97. Let j(d) be the third derivative of -d**6/60 + d**5/20 - d**4/12 - d**2. Calculate j(k).
-8
Let t(k) = 3*k**2 + 24*k - 5. Suppose -2*c - 1114 = -2*f - 6*c, 2*c + 1096 = 2*f. Let s = 543 - f. Give t(s).
-5
Let h(z) = -z**3 + 4*z**2 + z - 1. Suppose 1 = 2*c + 3. Let q be 8/(-28) + (c - 51/(-7)). Let r = 10 - q. What is h(r)?
3
Suppose 1643 = -4*i + 1671. Let m(f) = 7*f - 10. Determine m(i).
39
Let b(u) be the second derivative of -u**5/20 - 5*u**4/3 + 7*u**3/2 + 5*u**2/2 - 11*u + 1. Determine b(-21).
5
Let f(l) = -63*l - 1080. Let w be f(-17). Let n(a) = a**3 + 10*a**2 + 10*a - 15. What is n(w)?
-24
Let j(o) = 5*o - 4*o + 0*o - 3. Let z be -60*(494/(-1976))/(1*3). Give j(z).
2
Let g(s) = 28 - 13323*s + 6651*s + 6664*s. Give g(7).
-28
Let i(l) = -l - 41. Let m(y) = -2*y - 39. Let o(x) = -4*i(x) + 3*m(x). What is o(20)?
7
Suppose 5*y + 4 = -c, 27*c + 2*y - 2 = 23*c. Let n(i) = i + 4 + 0 - 3 - c - 2. What is n(-3)?
-5
Let d(z) be the third derivative of -z**5/30 - 5*z**4/24 + 7*z**3/3 + 744*z**2. Give d(-6).
-28
Suppose -10 = n - 39*i + 36*i, 3*n = -3*i + 6. Let l(c) = 2*c**2 + 14*c + 13. What is l(n)?
1
Let z(y) = y**2 - y + 7. Let x be z(-5). Suppose -13*d - 37 = 392. Let s = d + x. Let v(g) = 4*g + 5. Calculate v(s).
21
Let k(g) = -4*g**2 + 10*g - 7. Let p(z) = -z**3 + 17*z**2 - 43*z + 7. Let a be p(3). Determine k(a).
-31
Let d(z) = 18*z - 36. Let t(f) = -27*f + 34. Let j(q) = -4*d(q) - 3*t(q). Give j(-4).
6
Let y(t) be the second derivative of t**5/20 + t**4/2 - 4*t**3/3 - 7*t**2/2 + t - 10746. Let n = -16 + 9. Give y(n).
0
Let k(f) = -28*f**2 - 79*f + 19. Let d(h) = 13*h**2 + 35*h - 10. Let z(y) = 9*d(y) + 4*k(y). What is z(-4)?
70
Let z(c) be the first derivative of 2*c**3/3 - 73*c**2/2 + 168*c - 8298. Determine z(34).
-2
Let v(m) = -3*m + 8. Suppose 2240 = 2*i + 2230. What is v(i)?
-7
Let v(i) = -8*i - 10. Let h be v(-2). Let x(m) = -1 - 47*m + 39*m + 4 + 2*m**2 + h. Calculate x(4).
9
Let l = 2 + -3. Let w = 130 - 128. Let v(y) = -23*y**2 - 22*y**2 + 71*y**w + 7*y**3 - 11*y**2 - 14*y**2 + y. Determine v(l).
-7
Let c(w) be the second derivative of -w**5/20 + w**4/2 - w**3/3 - 3*w**2 + 446*w. Let f = -103 + 108. Calcula